{"id":23,"date":"2026-03-20T22:42:15","date_gmt":"2026-03-20T22:42:15","guid":{"rendered":"https:\/\/cynthialagadecreflexo.com\/?page_id=23"},"modified":"2026-04-02T18:42:59","modified_gmt":"2026-04-02T18:42:59","slug":"accueil","status":"publish","type":"page","link":"https:\/\/cynthialagadecreflexo.com\/","title":{"rendered":"Mon m\u00e9tier, vous accompagner pour vous sentir mieux"},"content":{"rendered":"\t\t<div data-elementor-type=\"wp-page\" data-elementor-id=\"23\" class=\"elementor elementor-23\">\n\t\t\t\t<div class=\"elementor-element elementor-element-8be3f64 e-flex e-con-boxed e-con e-parent\" data-id=\"8be3f64\" data-element_type=\"container\" data-e-type=\"container\">\n\t\t\t\t\t<div class=\"e-con-inner\">\n\t\t<div class=\"elementor-element elementor-element-e326f07 e-con-full e-flex e-con e-child\" data-id=\"e326f07\" data-element_type=\"container\" data-e-type=\"container\">\n\t\t\t\t<div class=\"elementor-element elementor-element-e1635f5 elementor-widget elementor-widget-image\" data-id=\"e1635f5\" data-element_type=\"widget\" data-e-type=\"widget\" data-widget_type=\"image.default\">\n\t\t\t\t\t\t\t\t\t\t\t\t\t\t\t<img fetchpriority=\"high\" decoding=\"async\" width=\"640\" height=\"749\" src=\"https:\/\/cynthialagadecreflexo.com\/wp-content\/uploads\/2026\/03\/1770899411925-768x899.jpg\" class=\"attachment-medium_large size-medium_large wp-image-62\" alt=\"\" srcset=\"https:\/\/cynthialagadecreflexo.com\/wp-content\/uploads\/2026\/03\/1770899411925-768x899.jpg 768w, https:\/\/cynthialagadecreflexo.com\/wp-content\/uploads\/2026\/03\/1770899411925-256x300.jpg 256w, https:\/\/cynthialagadecreflexo.com\/wp-content\/uploads\/2026\/03\/1770899411925-874x1024.jpg 874w, https:\/\/cynthialagadecreflexo.com\/wp-content\/uploads\/2026\/03\/1770899411925-1312x1536.jpg 1312w, https:\/\/cynthialagadecreflexo.com\/wp-content\/uploads\/2026\/03\/1770899411925-1749x2048.jpg 1749w\" sizes=\"(max-width: 640px) 100vw, 640px\" \/>\t\t\t\t\t\t\t\t\t\t\t\t\t\t\t<\/div>\n\t\t\t\t<div class=\"elementor-element elementor-element-9be8fed elementor-align-center elementor-widget elementor-widget-button\" data-id=\"9be8fed\" data-element_type=\"widget\" data-e-type=\"widget\" data-widget_type=\"button.default\">\n\t\t\t\t\t\t\t\t\t\t<a class=\"elementor-button elementor-button-link elementor-size-sm\" href=\"https:\/\/www.sumupbookings.com\/cynthialagadecreflexo\">\n\t\t\t\t\t\t<span class=\"elementor-button-content-wrapper\">\n\t\t\t\t\t\t\t\t\t<span class=\"elementor-button-text\">R\u00e9server votre consultation ou votre massage<\/span>\n\t\t\t\t\t<\/span>\n\t\t\t\t\t<\/a>\n\t\t\t\t\t\t\t\t<\/div>\n\t\t\t\t<\/div>\n\t\t<div class=\"elementor-element elementor-element-1efdb9e e-con-full e-flex e-con e-child\" data-id=\"1efdb9e\" data-element_type=\"container\" data-e-type=\"container\">\n\t\t\t\t<div class=\"elementor-element elementor-element-6caaf54 elementor-widget elementor-widget-text-editor\" data-id=\"6caaf54\" data-element_type=\"widget\" data-e-type=\"widget\" data-widget_type=\"text-editor.default\">\n\t\t\t\t\t\t\t\t\t<p>Bonjour,<\/p><p>Je suis Cynthia Lagadec praticienne <strong>en r\u00e9flexologie sp\u00e9cialis\u00e9e sur les effets du stress sur le corps et le moral.<\/strong><\/p><p>Vous accompagner, c\u2019est faire un bout de chemin avec vous, pour <strong>offrir le temps \u00e0 votre corps et votre mental de recouvrer leur harmonie, ensemble<\/strong>.<\/p><p><span style=\"text-decoration: underline;\">Je pourrais vous accompagner dans ces situations :<\/span><\/p><p>-Douleurs physiques<br \/>-Douleurs \u00e9motionnelles<br \/>-Stress\/Anxi\u00e9t\u00e9<br \/>-Mauvais sommeil<br \/>-Probl\u00e8mes digestifs<br \/>-Epuisement <br \/>-Burnout<\/p><p><strong>Mes consultations et massages relaxants<\/strong> sont \u00e0 destination des enfants, adultes, s\u00e9niors, sportifs, personnes \u00e0 mobilit\u00e9 r\u00e9duite.\u00a0<\/p><p>Les consultations sont possibles \u00e0 domicile, n&rsquo;h\u00e9sitez pas \u00e0 me contacter pour en discuter.<\/p>\t\t\t\t\t\t\t\t<\/div>\n\t\t\t\t<\/div>\n\t\t<div class=\"elementor-element elementor-element-70d5be9 e-con-full e-flex e-con e-child\" data-id=\"70d5be9\" data-element_type=\"container\" data-e-type=\"container\">\n\t\t\t\t<div class=\"elementor-element elementor-element-a150648 elementor-widget elementor-widget-image\" data-id=\"a150648\" data-element_type=\"widget\" data-e-type=\"widget\" data-widget_type=\"image.default\">\n\t\t\t\t\t\t\t\t\t\t\t\t\t\t\t<img decoding=\"async\" width=\"169\" height=\"300\" src=\"https:\/\/cynthialagadecreflexo.com\/wp-content\/uploads\/2026\/03\/1000013540-169x300.jpg\" class=\"attachment-medium size-medium wp-image-64\" alt=\"\" srcset=\"https:\/\/cynthialagadecreflexo.com\/wp-content\/uploads\/2026\/03\/1000013540-169x300.jpg 169w, https:\/\/cynthialagadecreflexo.com\/wp-content\/uploads\/2026\/03\/1000013540-576x1024.jpg 576w, https:\/\/cynthialagadecreflexo.com\/wp-content\/uploads\/2026\/03\/1000013540-768x1365.jpg 768w, https:\/\/cynthialagadecreflexo.com\/wp-content\/uploads\/2026\/03\/1000013540-864x1536.jpg 864w, https:\/\/cynthialagadecreflexo.com\/wp-content\/uploads\/2026\/03\/1000013540-1152x2048.jpg 1152w, https:\/\/cynthialagadecreflexo.com\/wp-content\/uploads\/2026\/03\/1000013540-scaled.jpg 1440w\" sizes=\"(max-width: 169px) 100vw, 169px\" \/>\t\t\t\t\t\t\t\t\t\t\t\t\t\t\t<\/div>\n\t\t\t\t<\/div>\n\t\t<div class=\"elementor-element elementor-element-62c10c2 e-con-full e-flex e-con e-child\" data-id=\"62c10c2\" data-element_type=\"container\" data-e-type=\"container\">\n\t\t\t\t<div class=\"elementor-element elementor-element-ebf8a31 elementor-widget elementor-widget-google_maps\" data-id=\"ebf8a31\" data-element_type=\"widget\" data-e-type=\"widget\" data-widget_type=\"google_maps.default\">\n\t\t\t\t\t\t\t<div class=\"elementor-custom-embed\">\n\t\t\t<iframe loading=\"lazy\"\n\t\t\t\t\tsrc=\"https:\/\/maps.google.com\/maps?q=6%20route%20de%20plabennec%2029860%20Kersaint%20Plabennec&#038;t=m&#038;z=10&#038;output=embed&#038;iwloc=near\"\n\t\t\t\t\ttitle=\"6 route de plabennec 29860 Kersaint Plabennec\"\n\t\t\t\t\taria-label=\"6 route de plabennec 29860 Kersaint Plabennec\"\n\t\t\t><\/iframe>\n\t\t<\/div>\n\t\t\t\t\t\t<\/div>\n\t\t\t\t<\/div>\n\t\t\t\t\t<\/div>\n\t\t\t\t<\/div>\n\t\t<div class=\"elementor-element elementor-element-c180e49 e-grid e-con-boxed e-con e-parent\" data-id=\"c180e49\" data-element_type=\"container\" data-e-type=\"container\">\n\t\t\t\t\t<div class=\"e-con-inner\">\n\t\t\t\t<div class=\"elementor-element elementor-element-cffc691 elementor-widget elementor-widget-text-editor\" data-id=\"cffc691\" data-element_type=\"widget\" data-e-type=\"widget\" data-widget_type=\"text-editor.default\">\n\t\t\t\t\t\t\t\t\t<p><a href=\"https:\/\/cynthialagadecreflexo.com\/index.php\/privacy-policy\/\">Mentions l\u00e9gales et politique de confidentialit\u00e9<\/a><\/p>\t\t\t\t\t\t\t\t<\/div>\n\t\t\t\t<div class=\"elementor-element elementor-element-bb6ac2c elementor-widget elementor-widget-text-editor\" data-id=\"bb6ac2c\" data-element_type=\"widget\" data-e-type=\"widget\" data-widget_type=\"text-editor.default\">\n\t\t\t\t\t\t\t\t\t<p><a href=\"https:\/\/cynthialagadecreflexo.com\/index.php\/privacy-policy\/politique-de-cookies-ue\/\">Politique de cookies (UE)<\/a>Politiques cookies<\/p>\t\t\t\t\t\t\t\t<\/div>\n\t\t\t\t\t<\/div>\n\t\t\t\t<\/div>\n\t\t\t\t<\/div>\n\t\t","protected":false},"excerpt":{"rendered":"<p>R\u00e9server votre consultation ou votre massage Bonjour, Je suis Cynthia Lagadec praticienne en r\u00e9flexologie sp\u00e9cialis\u00e9e sur les effets du stress sur le corps et le moral. Vous accompagner, c\u2019est faire un bout de chemin avec vous, pour offrir le temps \u00e0 votre corps et votre mental de recouvrer leur harmonie, ensemble. Je pourrais vous accompagner&#8230;<\/p>\n","protected":false},"author":1,"featured_media":0,"parent":0,"menu_order":0,"comment_status":"closed","ping_status":"closed","template":"","meta":{"footnotes":""},"class_list":["post-23","page","type-page","status-publish","hentry"],"_links":{"self":[{"href":"https:\/\/cynthialagadecreflexo.com\/index.php\/wp-json\/wp\/v2\/pages\/23","targetHints":{"allow":["GET"]}}],"collection":[{"href":"https:\/\/cynthialagadecreflexo.com\/index.php\/wp-json\/wp\/v2\/pages"}],"about":[{"href":"https:\/\/cynthialagadecreflexo.com\/index.php\/wp-json\/wp\/v2\/types\/page"}],"author":[{"embeddable":true,"href":"https:\/\/cynthialagadecreflexo.com\/index.php\/wp-json\/wp\/v2\/users\/1"}],"replies":[{"embeddable":true,"href":"https:\/\/cynthialagadecreflexo.com\/index.php\/wp-json\/wp\/v2\/comments?post=23"}],"version-history":[{"count":27,"href":"https:\/\/cynthialagadecreflexo.com\/index.php\/wp-json\/wp\/v2\/pages\/23\/revisions"}],"predecessor-version":[{"id":173,"href":"https:\/\/cynthialagadecreflexo.com\/index.php\/wp-json\/wp\/v2\/pages\/23\/revisions\/173"}],"wp:attachment":[{"href":"https:\/\/cynthialagadecreflexo.com\/index.php\/wp-json\/wp\/v2\/media?parent=23"}],"curies":[{"name":"wp","href":"https:\/\/api.w.org\/{rel}","templated":true}]}}